+ a - 5. Let w be x(-4). Give v(w).
-5
Let x(k) = -1. Let t(r) = r**3 - r**2 - 2*r + 2. Let p = 612 - 614. Let i(f) = p*x(f) + t(f). What is i(3)?
16
Let b = 134180 - 134174. Let t(s) be the third derivative of -s**5/60 - 7*s**4/24 - s**3/3 - 2*s**2. Let a(j) be the first derivative of t(j). Give a(b).
-19
Let r(l) = -l. Let x(h) = -h**3 - 13*h**2 - 9*h + 48. Let d be x(-12). Suppose -o - 4*j = -d + 13, -o - 4 = j. Give r(o).
5
Let h be (9 + -1)/((-16)/8). Let i(x) = 7*x**3 - 5 - 16*x**3 + 8*x**3 + 1 + 4*x - 3*x**2. What is i(h)?
-4
Let r(x) be the first derivative of 2*x**2 - 19*x + 1824. Give r(8).
13
Suppose -39*z - 3 = -2*h - 36*z, 2*h - 5*z + 3 = 0. Let y(j) = j**3 - 7*j**2 + 12*j - 25. Give y(h).
11
Suppose -8*u + 13 = -3. Suppose 4*t - 5*l = -24, u*l - 4*l = 5*t - 3. Let r be (t - -3) + -2 + (11 - 4). Let h(c) = c - 12. Calculate h(r).
-5
Let j(v) = -v**3 + 4*v**2 + 4*v + 7. Suppose 0 = -5*y + 10, -x + 12*y - 7*y = 0. Suppose -3*i + x + 5 = 0. What is j(i)?
2
Let u be (0/2 - 2) + -1. Let w(g) be the second derivative of 2*g**3/3 + g**2 + 2822*g + 1. Calculate w(u).
-10
Let g(p) = -61 - 56 + 114 + 3*p**2. Calculate g(2).
9
Let k(r) = 3*r**3 + r - 1. Let z(u) = -u**2 - u + 1. Let d(o) = -o**3 + 2*o**2 + o - 1. Let f(y) = d(y) + z(y). Let x(j) = -4*f(j) - k(j). Determine x(5).
21
Let w be (-6 - -9) + (37 - -1). Let j(s) = 43*s - 1. Let g be j(-1). Let k = w + g. Let a(f) = -f**3 - f**2 - f - 4. Calculate a(k).
17
Let f(c) = 3*c - 18*c**2 - 11 - 3654*c**3 + 13*c**2 + 3653*c**3. What is f(-6)?
7
Let g = 914 + -649. Suppose -35*z + g - 90 = 0. Let m(i) = -i + 7. What is m(z)?
2
Let x(r) = 8*r**2 - 4*r - 37. Let o(g) = 18*g**2 - 7*g - 79. Let k(c) = -6*o(c) + 13*x(c). Calculate k(-4).
-31
Suppose -4*d = -3*p - 11, -4*d + 177*p = 182*p - 3. Let w(h) be the first derivative of -1/3*h**3 + h**d + 24 + h. What is w(-1)?
-2
Let v(z) = z**3 + 28*z**2 - 54*z + 187. Suppose m - 5*h + 10 = 0, -18*m = -13*m + 2*h + 158. Give v(m).
7
Let n(z) = 12*z - 161. Let m be (1513/119 - 4/(-14))/1. Let y be n(m). Let s(h) = h**2 + 7*h + 6. Calculate s(y).
-4
Let g = 51 + -31. Suppose -3*a = i + 2*a + 16, 2*a + g = 3*i. Let m(t) = -t**2 - 2*t + 7 - i + 9*t. Determine m(7).
3
Let s be (1/(2/(-8)))/(-2). Let u(d) = -21*d - 34. Let a(q) = -14*q - 25. Let z(l) = -7*a(l) + 5*u(l). Calculate z(s).
-9
Let o = -3 + 6. Let x(l) = -11*l - 99 - 13 + 100 + 16. What is x(o)?
-29
Let f(v) = -3*v + 365 - 221 - 140. Suppose y + 15 = 4*y - 3*x, -2*y + 5*x + 16 = 0. Suppose 0 = 4*u - 4*g - 44, 0 = u + 3*u + y*g - 23. Calculate f(u).
-20
Let x(v) be the third derivative of -v**5/60 + v**4/2 - 7*v**3/3 - 56*v**2 + 62*v. Determine x(8).
18
Let m(s) be the first derivative of -17 - 15/2*s**2 + 0*s + s**3 + 1/24*s**4. Let c(g) be the second derivative of m(g). What is c(0)?
6
Let x(m) = 15*m + 3 + 33*m + 14 - 37*m - 13*m**2. Let t(n) = 3*n**2 - 3*n - 4. Let v be 9 + (-3 + 0 - -3). Let u(d) = v*t(d) + 2*x(d). Give u(4).
-6
Suppose a = b + 1, 4*b - a = a + 2. Let v(o) = -o**b + 5 + 3*o + 1 + 0*o. Let n = -50919 + 50924. Determine v(n).
-4
Let h(b) = -7*b**2 + 88*b + 259. Let g be h(15). Let d(v) = -49*v + 191. Determine d(g).
-5
Let r(g) = 2*g + 3. Let l be -8*(-3)/30 - ((-520)/100 - -11). Determine r(l).
-7
Let q(j) = -j**2 + 13*j - 8. Let v(t) be the first derivative of -23/2*t**2 + 5*t - 16 + t**3. Let g be v(8). Give q(g).
-8
Let c(k) = 2*k**2 + 55*k - 55. Let i(f) = -148*f - 176. Let n be i(-1). Calculate c(n).
-27
Let r(o) = 3*o + 2. Let d be r(1). Suppose 0 = -q + 3 + d. Suppose 9*x - 5*x = q. Let z(c) = -c**3 - c**2 + 2*c + 1. What is z(x)?
-7
Let c(h) be the third derivative of 1/6*h**3 - 7/60*h**5 - 64*h**2 + 0*h + 7/24*h**4 + 0 + 1/120*h**6. What is c(6)?
7
Let i = -8433 + 8427. Let g(z) = 2*z**2 - 12*z - 11. What is g(i)?
133
Suppose -5*m + n = 93, -1183*m - 3*n = -1188*m - 99. Let b(i) = 3*i**2 + 58*i + 53. Give b(m).
-19
Let k(w) be the second derivative of -w**3/6 - 2*w. Suppose 17*u - 18*u + p = 89, -3*u = -p + 257. Let g be (86 + u)/((-2)/3). Give k(g).
3
Let m = -41 - -43. Let v(l) be the first derivative of l - l**m - 16 + 6*l + l + 0*l. Give v(6).
-4
Let t(b) = -4*b**3 + 22*b**2 - 4*b - 9. Let a be t(5). Suppose -53*h + 3*j = -55*h - 9, j - a = 2*h. Let v(p) = -p**3 - 10*p**2 - 8*p + 12. What is v(h)?
3
Let x(c) = 8*c**2 - 37*c + 82*c - c**3 - 53*c + 3. Suppose 0 = 2*d - 3*k - 20, -4*d + 2*k + 10 = -22. Determine x(d).
-4
Let g(y) = -156*y + 97*y + 9 + 57*y. Let j = -27 - -19. What is g(j)?
25
Let p(v) be the first derivative of -v**4/4 + v**3 + 4*v**2 + 3*v - 39. Determine p(-3).
33
Let a = -1834 - -1837. Let p(i) = -i**3 + 5*i**2 - 6*i - 7. Calculate p(a).
-7
Suppose -3*v - 15 = -183. Suppose 3*k = 4*t + 147, -4*t + 153 = 3*k - 6*t. Let x = v - k. Let j(f) = -f + 1. What is j(x)?
-2
Suppose 0 = 5*o + 15 - 0. Let v(t) = t - 9. Let z(d) = -d + 8. Let a(y) = 3*y - 26. Let b(i) = 2*a(i) + 7*z(i). Let k(u) = o*v(u) - 5*b(u). Give k(6).
19
Let b(n) = 17*n**2 + 9*n - 9. Let t(u) = -94*u**2 - 46*u + 46. Let i(q) = -11*b(q) - 2*t(q). What is i(3)?
-5
Suppose -5*l - 48 = -l. Let w(d) be the first derivative of -d**4/4 - 11*d**3/3 + 6*d**2 - 8866. Give w(l).
0
Let m(q) = 4*q**3 + 21*q**2 - 5*q + 3. Let v(k) be the first derivative of -k**4/4 - 7*k**3/3 + k**2 - k + 156. Let a(c) = 2*m(c) + 7*v(c). Determine a(6).
-13
Let s = 7249 - 7241. Let w(v) = -7*v + 58. What is w(s)?
2
Let r(f) be the first derivative of f**4/4 + f**2/2 - 29*f + 3. Let u be (-625)/(-25) - (0 - -4). Suppose -21 = 11*k - u. Determine r(k).
-29
Suppose 3*j + 163 = 82. Let k = j + 29. Let y(a) = 3*a - a**k - 9 - 12*a + 3*a. Determine y(-6).
-9
Let a(x) = -3*x**3 + x**2 + 3*x + 6. Let p(r) = 4*r**3 - 2*r - 6. Let f(g) = 5*a(g) + 4*p(g). Let j = 117085 + -117089. Determine f(j).
-6
Let z(a) = -a**2 + 3*a + 10. Let x be z(6). Let j(v) = -7*v - 19. Let s(q) = -11*q - 29. Let f(r) = x*j(r) + 5*s(r). Give f(-7).
0
Let g(l) be the second derivative of l**5/20 - 2*l**4/3 - l**3/2 + 3*l**2 - l - 2184. Calculate g(9).
60
Let j(y) = 1542244*y**2 - 1542257*y**2 - 39*y - 21 - y**3 + 0*y**3. Give j(-9).
6
Let t(s) = -3*s**2 + 22*s + 13. Let x = 3033 + -3025. Determine t(x).
-3
Let t(r) be the third derivative of r**5/60 + r**4/24 - r**3/3 + r**2. Let j be (-6 - -2 - (-65)/10)*30/(-25). Calculate t(j).
4
Let s(h) = h. Let n = -154 - -162. Suppose -32 = 4*a - n. Calculate s(a).
-6
Let d(v) be the first derivative of -v**3/3 - 10*v**2 - 54*v + 8449. Give d(-17).
-3
Let m(s) = s**3 + 36*s - 230*s + 30 + 14*s**2 + 49 + 184*s. Give m(-15).
4
Let g(q) = 2*q**3 + 25*q**2 - 2*q - 26. Let w(s) = s**3 + 12*s**2 - s - 13. Let c(h) = 2*g(h) - 5*w(h). Let t = -492 - -482. Determine c(t).
3
Let j(v) = v**3 - 17*v**2 - 17*v - 27. Let z be j(18). Let s(f) = -3*f + 12. Determine s(z).
39
Let o = -4 - 9. Let h(c) = -4*c**2 - 3*c + 8. Let x(d) = 9*d**2 + 6*d - 17. Let b(p) = o*h(p) - 6*x(p). Determine b(-3).
-29
Let b(j) = -3*j**3 - 4*j**2 - 2*j. Let h(g) = 4*g**3 + 4*g**2 + 2*g. Let n(c) = 5*b(c) + 4*h(c). Suppose 2*x - 8 = 2. Calculate n(x).
15
Let c(w) be the second derivative of w**5/20 - 7*w**4/6 - 17*w**3/6 + 2*w**2 - 1342*w. Give c(15).
-26
Let r be -3*((-9)/(-15) + 32/(-20)). Let m(f) = -8*f - 7. What is m(r)?
-31
Let i(k) = k**3 + 11*k**2 + 5*k + 5. Let d be i(-6). Suppose 4*x = d + 41. Let s(h) = h**3 - h**2 - 95 + h + x + 48. Determine s(0).
2
Let j(l) = -8*l**3 + 40*l**2 - 55*l - 23. Let i(m) = -3*m**3 + 14*m**2 - 19*m - 9. Let w(f) = -11*i(f) + 4*j(f). Calculate w(-7).
35
Let j(s) = -3*s**2 + 23*s + 222. Let q be j(12). Let p(f) = 3*f**2 - 196*f - 131. Calculate p(q).
1
Let y(v) = 43*v**2 + 38*v + 9. Let a(b) = -47*b**2 - 39*b - 10. Let s(c) = 9*a(c) + 10*y(c). What is s(-4)?
-4
Let u(m) = m**3 + 5*m**2 - 9*m - 17. Let s(d) = -d**3 - 55*d**2 + 182*d + 3871. Let g be s(-57). Calculate u(g).
28
Let z(y) = 83*y**2 - 81*y**2 + 3 - 1 + y - 3. Let w(k) = -3*k**2 + 6*k + 4. Let u(p) = w(p) + 2*z(p). Give u(-7).
-5
Suppose -24*c = -871 + 79. Let o(j) = 6*j + 14 + j**3 + 15 - 3*j - c + 5*j**2. Give o(-3).
5
Let m(d) = -d + 1. Let o(i) = -i**2 - 2*i. Let y(n) = 5*m(n) + o(n). Let x = 539 + -522. Suppose x*t = -18*t - 245. Give y(t).
5
Let h be (4 + -5 + 2)*1*-23. Let l = h - -27. Let k be (-3)/(l - 33/6). Let p(q) = 2*q**2 + 1. Determi